{"id":14276,"date":"2022-06-15T11:57:28","date_gmt":"2022-06-15T18:57:28","guid":{"rendered":"https:\/\/www.microbebio.com\/spanish-microbe-fertilizer\/?post_type=product&#038;p=14276"},"modified":"2025-07-29T13:47:26","modified_gmt":"2025-07-29T20:47:26","slug":"microbebio-ignite","status":"publish","type":"product","link":"https:\/\/www.microbebio.com\/spanish-microbe-fertilizer\/product\/microbebio-ignite\/","title":{"rendered":"MICROBEBIO\u00ae Ignite\u2122"},"content":{"rendered":"","protected":false},"excerpt":{"rendered":"<div>\n<p data-start=\"51\" data-end=\"930\"><span style=\"color: #000000;\"><strong data-start=\"51\" data-end=\"74\">MicrobeBio\u00ae Ignite\u2122<\/strong> es un potenciador del crecimiento vegetal y promotor de la fotos\u00edntesis, completamente org\u00e1nico y natural, dise\u00f1ado y creado para apoyar mejor el Ciclo Simbi\u00f3tico en las plantas. A trav\u00e9s del proceso de translocaci\u00f3n biol\u00f3gica, estos nutrientes y minerales juegan un papel crucial en el mejor soporte del desarrollo y crecimiento de las plantas. MicrobeBio\u00ae Ignite\u2122 trabaja para aumentar la eficiencia de la fotos\u00edntesis vegetal, que convierte la glucosa y los nutrientes, junto con las complejas mol\u00e9culas de carbono, en una forma utilizable de energ\u00eda que la planta puede aprovechar. A medida que las plantas absorben los nutrientes de estas fuentes, prosperan y florecen vigorosamente durante toda la temporada de crecimiento. MicrobeBio\u00ae Ignite\u2122 promueve una floraci\u00f3n m\u00e1s temprana, flores m\u00e1s grandes y mejora la calidad nutricional de los productos.<\/span><\/p>\n<hr data-start=\"932\" data-end=\"935\">\n<h3 data-section-id=\"lkxcb7\" data-start=\"937\" data-end=\"951\"><span style=\"color: #000000;\">BENEFICIOS<\/span><\/h3>\n<ul data-start=\"953\" data-end=\"2910\">\n<li data-start=\"953\" data-end=\"1192\">\n<p data-start=\"955\" data-end=\"1192\"><span style=\"color: #000000;\">Mantiene resultados consistentes durante el ciclo del cultivo, reduce el estr\u00e9s metab\u00f3lico y alcanza el potencial gen\u00e9tico microbiano \u00f3ptimo al proporcionar una fuente saludable de alimento y energ\u00eda para los microorganismos del suelo.<\/span><\/p>\n<\/li>\n<li data-start=\"1193\" data-end=\"1278\">\n<p data-start=\"1195\" data-end=\"1278\"><span style=\"color: #000000;\">Optimiza la fotos\u00edntesis (luz) aumentando el contenido de clorofila en las hojas.<\/span><\/p>\n<\/li>\n<li data-start=\"1279\" data-end=\"1396\">\n<p data-start=\"1281\" data-end=\"1396\"><span style=\"color: #000000;\">Incrementa la fotos\u00edntesis (absorci\u00f3n de agua) al aumentar los microorganismos (microbios) en el medio del suelo.<\/span><\/p>\n<\/li>\n<li data-start=\"1397\" data-end=\"1445\">\n<p data-start=\"1399\" data-end=\"1445\"><span style=\"color: #000000;\">Minimiza la ca\u00edda de hojas, flores y frutos.<\/span><\/p>\n<\/li>\n<li data-start=\"1446\" data-end=\"1484\">\n<p data-start=\"1448\" data-end=\"1484\"><span style=\"color: #000000;\">Aumenta la altura de los cultivos.<\/span><\/p>\n<\/li>\n<li data-start=\"1485\" data-end=\"1622\">\n<p data-start=\"1487\" data-end=\"1622\"><span style=\"color: #000000;\">Ayuda a la fotos\u00edntesis aumentando la absorci\u00f3n de nitr\u00f3geno (y otros nutrientes) para facilitar la asimilaci\u00f3n fotosint\u00e9tica de CO\u2082.<\/span><\/p>\n<\/li>\n<li data-start=\"1623\" data-end=\"1680\">\n<p data-start=\"1625\" data-end=\"1680\"><span style=\"color: #000000;\">Mejora las enzimas y hormonas naturales de la planta.<\/span><\/p>\n<\/li>\n<li data-start=\"1681\" data-end=\"1725\">\n<p data-start=\"1683\" data-end=\"1725\"><span style=\"color: #000000;\">Promueve la formaci\u00f3n de yemas florales.<\/span><\/p>\n<\/li>\n<li data-start=\"1726\" data-end=\"1818\">\n<p data-start=\"1728\" data-end=\"1818\"><span style=\"color: #000000;\">Mantiene un nivel elevado de microorganismos beneficiosos durante un per\u00edodo prolongado.<\/span><\/p>\n<\/li>\n<li data-start=\"1819\" data-end=\"1904\">\n<p data-start=\"1821\" data-end=\"1904\"><span style=\"color: #000000;\">Promueve la germinaci\u00f3n de semillas y aumenta el vigor temprano de las pl\u00e1ntulas.<\/span><\/p>\n<\/li>\n<li data-start=\"1905\" data-end=\"1952\">\n<p data-start=\"1907\" data-end=\"1952\"><span style=\"color: #000000;\">Mejora la absorci\u00f3n de minerales del suelo.<\/span><\/p>\n<\/li>\n<li data-start=\"1953\" data-end=\"1997\">\n<p data-start=\"1955\" data-end=\"1997\"><span style=\"color: #000000;\">Aumenta la capacidad de retener humedad.<\/span><\/p>\n<\/li>\n<li data-start=\"1998\" data-end=\"2100\">\n<p data-start=\"2000\" data-end=\"2100\"><span style=\"color: #000000;\">Integra niveles enzim\u00e1ticos para la s\u00edntesis de \u00e1cidos nucleicos, prote\u00ednas, vitaminas y az\u00facares.<\/span><\/p>\n<\/li>\n<li data-start=\"2101\" data-end=\"2174\">\n<p data-start=\"2103\" data-end=\"2174\"><span style=\"color: #000000;\">Apoya la resistencia al estr\u00e9s bajo condiciones ambientales adversas.<\/span><\/p>\n<\/li>\n<li data-start=\"2175\" data-end=\"2231\">\n<p data-start=\"2177\" data-end=\"2231\"><span style=\"color: #000000;\">Mejora la calidad y el crecimiento de los productos.<\/span><\/p>\n<\/li>\n<li data-start=\"2232\" data-end=\"2285\">\n<p data-start=\"2234\" data-end=\"2285\"><span style=\"color: #000000;\">Potencia los procesos metab\u00f3licos en las plantas.<\/span><\/p>\n<\/li>\n<li data-start=\"2286\" data-end=\"2334\">\n<p data-start=\"2288\" data-end=\"2334\"><span style=\"color: #000000;\">Incrementa la masa y longitud de las ra\u00edces.<\/span><\/p>\n<\/li>\n<li data-start=\"2335\" data-end=\"2373\">\n<p data-start=\"2337\" data-end=\"2373\"><span style=\"color: #000000;\">Promueve una madurez m\u00e1s temprana.<\/span><\/p>\n<\/li>\n<li data-start=\"2374\" data-end=\"2445\">\n<p data-start=\"2376\" data-end=\"2445\"><span style=\"color: #000000;\">Mejora la absorci\u00f3n y transporte de energ\u00eda y nutrientes vegetales.<\/span><\/p>\n<\/li>\n<li data-start=\"2446\" data-end=\"2519\">\n<p data-start=\"2448\" data-end=\"2519\"><span style=\"color: #000000;\">Estimula la formaci\u00f3n de yemas, flores y ramificaciones en la planta.<\/span><\/p>\n<\/li>\n<li data-start=\"2520\" data-end=\"2576\">\n<p data-start=\"2522\" data-end=\"2576\"><span style=\"color: #000000;\">Incrementa la fotos\u00edntesis y el metabolismo vegetal.<\/span><\/p>\n<\/li>\n<li data-start=\"2577\" data-end=\"2691\">\n<p data-start=\"2579\" data-end=\"2691\"><span style=\"color: #000000;\">Estimula el crecimiento celular, construye un sistema radicular saludable y fortalece el follaje y las flores.<\/span><\/p>\n<\/li>\n<li data-start=\"2692\" data-end=\"2788\">\n<p data-start=\"2694\" data-end=\"2788\"><span style=\"color: #000000;\">Fortalece tallos y ra\u00edces, y ayuda a que los nuevos esquejes desarrollen ra\u00edces r\u00e1pidamente.<\/span><\/p>\n<\/li>\n<li data-start=\"2789\" data-end=\"2855\">\n<p data-start=\"2791\" data-end=\"2855\"><span style=\"color: #000000;\">Incrementa la capacidad de resistencia de la planta al estr\u00e9s.<\/span><\/p>\n<\/li>\n<li data-start=\"2856\" data-end=\"2910\">\n<p data-start=\"2858\" data-end=\"2910\"><span style=\"color: #000000;\">Aumenta el rendimiento y la calidad de los cultivos.<\/span><\/p>\n<\/li>\n<\/ul>\n<\/div>\n","protected":false},"featured_media":14274,"template":"","meta":{"ngg_post_thumbnail":0},"product_brand":[],"product_cat":[21],"product_tag":[],"class_list":{"0":"post-14276","1":"product","2":"type-product","3":"status-publish","4":"has-post-thumbnail","6":"product_cat-products","8":"first","9":"instock","10":"shipping-taxable","11":"product-type-simple"},"yoast_head":"<!-- This site is optimized with the Yoast SEO plugin v27.4 - https:\/\/yoast.com\/product\/yoast-seo-wordpress\/ -->\n<title>MICROBEBIO\u00ae Ignite\u2122 - Microbial fertilizer Organic Fertilizer USA<\/title>\n<meta name=\"robots\" content=\"index, follow, max-snippet:-1, max-image-preview:large, max-video-preview:-1\" \/>\n<link rel=\"canonical\" href=\"https:\/\/www.microbebio.com\/spanish-microbe-fertilizer\/product\/microbebio-ignite\/\" \/>\n<meta property=\"og:locale\" content=\"en_US\" \/>\n<meta property=\"og:type\" content=\"article\" \/>\n<meta property=\"og:title\" content=\"MICROBEBIO\u00ae Ignite\u2122 - Microbial fertilizer Organic Fertilizer USA\" \/>\n<meta property=\"og:description\" content=\"MicrobeBio\u00ae Ignite\u2122 es un potenciador del crecimiento vegetal y promotor de la fotos\u00edntesis, completamente org\u00e1nico y natural, dise\u00f1ado y creado para apoyar mejor el Ciclo Simbi\u00f3tico en las plantas. A trav\u00e9s del proceso de translocaci\u00f3n biol\u00f3gica, estos nutrientes y minerales juegan un papel crucial en el mejor soporte del desarrollo y crecimiento de las plantas. MicrobeBio\u00ae Ignite\u2122 trabaja para aumentar la eficiencia de la fotos\u00edntesis vegetal, que convierte la glucosa y los nutrientes, junto con las complejas mol\u00e9culas de carbono, en una forma utilizable de energ\u00eda que la planta puede aprovechar. A medida que las plantas absorben los nutrientes de estas fuentes, prosperan y florecen vigorosamente durante toda la temporada de crecimiento. MicrobeBio\u00ae Ignite\u2122 promueve una floraci\u00f3n m\u00e1s temprana, flores m\u00e1s grandes y mejora la calidad nutricional de los productos.     BENEFICIOS    Mantiene resultados consistentes durante el ciclo del cultivo, reduce el estr\u00e9s metab\u00f3lico y alcanza el potencial gen\u00e9tico microbiano \u00f3ptimo al proporcionar una fuente saludable de alimento y energ\u00eda para los microorganismos del suelo.    Optimiza la fotos\u00edntesis (luz) aumentando el contenido de clorofila en las hojas.    Incrementa la fotos\u00edntesis (absorci\u00f3n de agua) al aumentar los microorganismos (microbios) en el medio del suelo.    Minimiza la ca\u00edda de hojas, flores y frutos.    Aumenta la altura de los cultivos.    Ayuda a la fotos\u00edntesis aumentando la absorci\u00f3n de nitr\u00f3geno (y otros nutrientes) para facilitar la asimilaci\u00f3n fotosint\u00e9tica de CO\u2082.    Mejora las enzimas y hormonas naturales de la planta.    Promueve la formaci\u00f3n de yemas florales.    Mantiene un nivel elevado de microorganismos beneficiosos durante un per\u00edodo prolongado.    Promueve la germinaci\u00f3n de semillas y aumenta el vigor temprano de las pl\u00e1ntulas.    Mejora la absorci\u00f3n de minerales del suelo.    Aumenta la capacidad de retener humedad.    Integra niveles enzim\u00e1ticos para la s\u00edntesis de \u00e1cidos nucleicos, prote\u00ednas, vitaminas y az\u00facares.    Apoya la resistencia al estr\u00e9s bajo condiciones ambientales adversas.    Mejora la calidad y el crecimiento de los productos.    Potencia los procesos metab\u00f3licos en las plantas.    Incrementa la masa y longitud de las ra\u00edces.    Promueve una madurez m\u00e1s temprana.    Mejora la absorci\u00f3n y transporte de energ\u00eda y nutrientes vegetales.    Estimula la formaci\u00f3n de yemas, flores y ramificaciones en la planta.    Incrementa la fotos\u00edntesis y el metabolismo vegetal.    Estimula el crecimiento celular, construye un sistema radicular saludable y fortalece el follaje y las flores.    Fortalece tallos y ra\u00edces, y ayuda a que los nuevos esquejes desarrollen ra\u00edces r\u00e1pidamente.    Incrementa la capacidad de resistencia de la planta al estr\u00e9s.    Aumenta el rendimiento y la calidad de los cultivos.\" \/>\n<meta property=\"og:url\" content=\"https:\/\/www.microbebio.com\/spanish-microbe-fertilizer\/product\/microbebio-ignite\/\" \/>\n<meta property=\"og:site_name\" content=\"Microbial fertilizer Organic Fertilizer USA\" \/>\n<meta property=\"article:modified_time\" content=\"2025-07-29T20:47:26+00:00\" \/>\n<meta property=\"og:image\" content=\"https:\/\/www.microbebio.com\/spanish-microbe-fertilizer\/wp-content\/uploads\/2022\/06\/Microbebio-Ignite-768x1024.png\" \/>\n\t<meta property=\"og:image:width\" content=\"768\" \/>\n\t<meta property=\"og:image:height\" content=\"1024\" \/>\n\t<meta property=\"og:image:type\" content=\"image\/png\" \/>\n<meta name=\"twitter:card\" content=\"summary_large_image\" \/>\n<meta name=\"twitter:label1\" content=\"Est. reading time\" \/>\n\t<meta name=\"twitter:data1\" content=\"1 minute\" \/>\n<script type=\"application\/ld+json\" class=\"yoast-schema-graph\">{\"@context\":\"https:\\\/\\\/schema.org\",\"@graph\":[{\"@type\":\"WebPage\",\"@id\":\"https:\\\/\\\/www.microbebio.com\\\/spanish-microbe-fertilizer\\\/product\\\/microbebio-ignite\\\/\",\"url\":\"https:\\\/\\\/www.microbebio.com\\\/spanish-microbe-fertilizer\\\/product\\\/microbebio-ignite\\\/\",\"name\":\"MICROBEBIO\u00ae Ignite\u2122 - Microbial fertilizer Organic Fertilizer USA\",\"isPartOf\":{\"@id\":\"https:\\\/\\\/www.microbebio.com\\\/spanish-microbe-fertilizer\\\/#website\"},\"primaryImageOfPage\":{\"@id\":\"https:\\\/\\\/www.microbebio.com\\\/spanish-microbe-fertilizer\\\/product\\\/microbebio-ignite\\\/#primaryimage\"},\"image\":{\"@id\":\"https:\\\/\\\/www.microbebio.com\\\/spanish-microbe-fertilizer\\\/product\\\/microbebio-ignite\\\/#primaryimage\"},\"thumbnailUrl\":\"https:\\\/\\\/www.microbebio.com\\\/spanish-microbe-fertilizer\\\/wp-content\\\/uploads\\\/2022\\\/06\\\/Microbebio-Ignite.png\",\"datePublished\":\"2022-06-15T18:57:28+00:00\",\"dateModified\":\"2025-07-29T20:47:26+00:00\",\"breadcrumb\":{\"@id\":\"https:\\\/\\\/www.microbebio.com\\\/spanish-microbe-fertilizer\\\/product\\\/microbebio-ignite\\\/#breadcrumb\"},\"inLanguage\":\"en-US\",\"potentialAction\":[{\"@type\":\"ReadAction\",\"target\":[\"https:\\\/\\\/www.microbebio.com\\\/spanish-microbe-fertilizer\\\/product\\\/microbebio-ignite\\\/\"]}]},{\"@type\":\"ImageObject\",\"inLanguage\":\"en-US\",\"@id\":\"https:\\\/\\\/www.microbebio.com\\\/spanish-microbe-fertilizer\\\/product\\\/microbebio-ignite\\\/#primaryimage\",\"url\":\"https:\\\/\\\/www.microbebio.com\\\/spanish-microbe-fertilizer\\\/wp-content\\\/uploads\\\/2022\\\/06\\\/Microbebio-Ignite.png\",\"contentUrl\":\"https:\\\/\\\/www.microbebio.com\\\/spanish-microbe-fertilizer\\\/wp-content\\\/uploads\\\/2022\\\/06\\\/Microbebio-Ignite.png\",\"width\":1932,\"height\":2576,\"caption\":\"Microbebio Ignite\"},{\"@type\":\"BreadcrumbList\",\"@id\":\"https:\\\/\\\/www.microbebio.com\\\/spanish-microbe-fertilizer\\\/product\\\/microbebio-ignite\\\/#breadcrumb\",\"itemListElement\":[{\"@type\":\"ListItem\",\"position\":1,\"name\":\"Home\",\"item\":\"https:\\\/\\\/www.microbebio.com\\\/spanish-microbe-fertilizer\\\/\"},{\"@type\":\"ListItem\",\"position\":2,\"name\":\"Shop\",\"item\":\"https:\\\/\\\/www.microbebio.com\\\/spanish-microbe-fertilizer\\\/shop\\\/\"},{\"@type\":\"ListItem\",\"position\":3,\"name\":\"MICROBEBIO\u00ae Ignite\u2122\"}]},{\"@type\":\"WebSite\",\"@id\":\"https:\\\/\\\/www.microbebio.com\\\/spanish-microbe-fertilizer\\\/#website\",\"url\":\"https:\\\/\\\/www.microbebio.com\\\/spanish-microbe-fertilizer\\\/\",\"name\":\"Microbial fertilizer Organic Fertilizer USA\",\"description\":\"Microbes Fertilizer Nature Phenomenon\",\"potentialAction\":[{\"@type\":\"SearchAction\",\"target\":{\"@type\":\"EntryPoint\",\"urlTemplate\":\"https:\\\/\\\/www.microbebio.com\\\/spanish-microbe-fertilizer\\\/?s={search_term_string}\"},\"query-input\":{\"@type\":\"PropertyValueSpecification\",\"valueRequired\":true,\"valueName\":\"search_term_string\"}}],\"inLanguage\":\"en-US\"}]}<\/script>\n<!-- \/ Yoast SEO plugin. -->","yoast_head_json":{"title":"MICROBEBIO\u00ae Ignite\u2122 - Microbial fertilizer Organic Fertilizer USA","robots":{"index":"index","follow":"follow","max-snippet":"max-snippet:-1","max-image-preview":"max-image-preview:large","max-video-preview":"max-video-preview:-1"},"canonical":"https:\/\/www.microbebio.com\/spanish-microbe-fertilizer\/product\/microbebio-ignite\/","og_locale":"en_US","og_type":"article","og_title":"MICROBEBIO\u00ae Ignite\u2122 - Microbial fertilizer Organic Fertilizer USA","og_description":"MicrobeBio\u00ae Ignite\u2122 es un potenciador del crecimiento vegetal y promotor de la fotos\u00edntesis, completamente org\u00e1nico y natural, dise\u00f1ado y creado para apoyar mejor el Ciclo Simbi\u00f3tico en las plantas. A trav\u00e9s del proceso de translocaci\u00f3n biol\u00f3gica, estos nutrientes y minerales juegan un papel crucial en el mejor soporte del desarrollo y crecimiento de las plantas. MicrobeBio\u00ae Ignite\u2122 trabaja para aumentar la eficiencia de la fotos\u00edntesis vegetal, que convierte la glucosa y los nutrientes, junto con las complejas mol\u00e9culas de carbono, en una forma utilizable de energ\u00eda que la planta puede aprovechar. A medida que las plantas absorben los nutrientes de estas fuentes, prosperan y florecen vigorosamente durante toda la temporada de crecimiento. MicrobeBio\u00ae Ignite\u2122 promueve una floraci\u00f3n m\u00e1s temprana, flores m\u00e1s grandes y mejora la calidad nutricional de los productos.     BENEFICIOS    Mantiene resultados consistentes durante el ciclo del cultivo, reduce el estr\u00e9s metab\u00f3lico y alcanza el potencial gen\u00e9tico microbiano \u00f3ptimo al proporcionar una fuente saludable de alimento y energ\u00eda para los microorganismos del suelo.    Optimiza la fotos\u00edntesis (luz) aumentando el contenido de clorofila en las hojas.    Incrementa la fotos\u00edntesis (absorci\u00f3n de agua) al aumentar los microorganismos (microbios) en el medio del suelo.    Minimiza la ca\u00edda de hojas, flores y frutos.    Aumenta la altura de los cultivos.    Ayuda a la fotos\u00edntesis aumentando la absorci\u00f3n de nitr\u00f3geno (y otros nutrientes) para facilitar la asimilaci\u00f3n fotosint\u00e9tica de CO\u2082.    Mejora las enzimas y hormonas naturales de la planta.    Promueve la formaci\u00f3n de yemas florales.    Mantiene un nivel elevado de microorganismos beneficiosos durante un per\u00edodo prolongado.    Promueve la germinaci\u00f3n de semillas y aumenta el vigor temprano de las pl\u00e1ntulas.    Mejora la absorci\u00f3n de minerales del suelo.    Aumenta la capacidad de retener humedad.    Integra niveles enzim\u00e1ticos para la s\u00edntesis de \u00e1cidos nucleicos, prote\u00ednas, vitaminas y az\u00facares.    Apoya la resistencia al estr\u00e9s bajo condiciones ambientales adversas.    Mejora la calidad y el crecimiento de los productos.    Potencia los procesos metab\u00f3licos en las plantas.    Incrementa la masa y longitud de las ra\u00edces.    Promueve una madurez m\u00e1s temprana.    Mejora la absorci\u00f3n y transporte de energ\u00eda y nutrientes vegetales.    Estimula la formaci\u00f3n de yemas, flores y ramificaciones en la planta.    Incrementa la fotos\u00edntesis y el metabolismo vegetal.    Estimula el crecimiento celular, construye un sistema radicular saludable y fortalece el follaje y las flores.    Fortalece tallos y ra\u00edces, y ayuda a que los nuevos esquejes desarrollen ra\u00edces r\u00e1pidamente.    Incrementa la capacidad de resistencia de la planta al estr\u00e9s.    Aumenta el rendimiento y la calidad de los cultivos.","og_url":"https:\/\/www.microbebio.com\/spanish-microbe-fertilizer\/product\/microbebio-ignite\/","og_site_name":"Microbial fertilizer Organic Fertilizer USA","article_modified_time":"2025-07-29T20:47:26+00:00","og_image":[{"width":768,"height":1024,"url":"https:\/\/www.microbebio.com\/spanish-microbe-fertilizer\/wp-content\/uploads\/2022\/06\/Microbebio-Ignite-768x1024.png","type":"image\/png"}],"twitter_card":"summary_large_image","twitter_misc":{"Est. reading time":"1 minute"},"schema":{"@context":"https:\/\/schema.org","@graph":[{"@type":"WebPage","@id":"https:\/\/www.microbebio.com\/spanish-microbe-fertilizer\/product\/microbebio-ignite\/","url":"https:\/\/www.microbebio.com\/spanish-microbe-fertilizer\/product\/microbebio-ignite\/","name":"MICROBEBIO\u00ae Ignite\u2122 - Microbial fertilizer Organic Fertilizer USA","isPartOf":{"@id":"https:\/\/www.microbebio.com\/spanish-microbe-fertilizer\/#website"},"primaryImageOfPage":{"@id":"https:\/\/www.microbebio.com\/spanish-microbe-fertilizer\/product\/microbebio-ignite\/#primaryimage"},"image":{"@id":"https:\/\/www.microbebio.com\/spanish-microbe-fertilizer\/product\/microbebio-ignite\/#primaryimage"},"thumbnailUrl":"https:\/\/www.microbebio.com\/spanish-microbe-fertilizer\/wp-content\/uploads\/2022\/06\/Microbebio-Ignite.png","datePublished":"2022-06-15T18:57:28+00:00","dateModified":"2025-07-29T20:47:26+00:00","breadcrumb":{"@id":"https:\/\/www.microbebio.com\/spanish-microbe-fertilizer\/product\/microbebio-ignite\/#breadcrumb"},"inLanguage":"en-US","potentialAction":[{"@type":"ReadAction","target":["https:\/\/www.microbebio.com\/spanish-microbe-fertilizer\/product\/microbebio-ignite\/"]}]},{"@type":"ImageObject","inLanguage":"en-US","@id":"https:\/\/www.microbebio.com\/spanish-microbe-fertilizer\/product\/microbebio-ignite\/#primaryimage","url":"https:\/\/www.microbebio.com\/spanish-microbe-fertilizer\/wp-content\/uploads\/2022\/06\/Microbebio-Ignite.png","contentUrl":"https:\/\/www.microbebio.com\/spanish-microbe-fertilizer\/wp-content\/uploads\/2022\/06\/Microbebio-Ignite.png","width":1932,"height":2576,"caption":"Microbebio Ignite"},{"@type":"BreadcrumbList","@id":"https:\/\/www.microbebio.com\/spanish-microbe-fertilizer\/product\/microbebio-ignite\/#breadcrumb","itemListElement":[{"@type":"ListItem","position":1,"name":"Home","item":"https:\/\/www.microbebio.com\/spanish-microbe-fertilizer\/"},{"@type":"ListItem","position":2,"name":"Shop","item":"https:\/\/www.microbebio.com\/spanish-microbe-fertilizer\/shop\/"},{"@type":"ListItem","position":3,"name":"MICROBEBIO\u00ae Ignite\u2122"}]},{"@type":"WebSite","@id":"https:\/\/www.microbebio.com\/spanish-microbe-fertilizer\/#website","url":"https:\/\/www.microbebio.com\/spanish-microbe-fertilizer\/","name":"Microbial fertilizer Organic Fertilizer USA","description":"Microbes Fertilizer Nature Phenomenon","potentialAction":[{"@type":"SearchAction","target":{"@type":"EntryPoint","urlTemplate":"https:\/\/www.microbebio.com\/spanish-microbe-fertilizer\/?s={search_term_string}"},"query-input":{"@type":"PropertyValueSpecification","valueRequired":true,"valueName":"search_term_string"}}],"inLanguage":"en-US"}]}},"_links":{"self":[{"href":"https:\/\/www.microbebio.com\/spanish-microbe-fertilizer\/wp-json\/wp\/v2\/product\/14276","targetHints":{"allow":["GET"]}}],"collection":[{"href":"https:\/\/www.microbebio.com\/spanish-microbe-fertilizer\/wp-json\/wp\/v2\/product"}],"about":[{"href":"https:\/\/www.microbebio.com\/spanish-microbe-fertilizer\/wp-json\/wp\/v2\/types\/product"}],"wp:featuredmedia":[{"embeddable":true,"href":"https:\/\/www.microbebio.com\/spanish-microbe-fertilizer\/wp-json\/wp\/v2\/media\/14274"}],"wp:attachment":[{"href":"https:\/\/www.microbebio.com\/spanish-microbe-fertilizer\/wp-json\/wp\/v2\/media?parent=14276"}],"wp:term":[{"taxonomy":"product_brand","embeddable":true,"href":"https:\/\/www.microbebio.com\/spanish-microbe-fertilizer\/wp-json\/wp\/v2\/product_brand?post=14276"},{"taxonomy":"product_cat","embeddable":true,"href":"https:\/\/www.microbebio.com\/spanish-microbe-fertilizer\/wp-json\/wp\/v2\/product_cat?post=14276"},{"taxonomy":"product_tag","embeddable":true,"href":"https:\/\/www.microbebio.com\/spanish-microbe-fertilizer\/wp-json\/wp\/v2\/product_tag?post=14276"}],"curies":[{"name":"wp","href":"https:\/\/api.w.org\/{rel}","templated":true}]}}