{"id":14277,"date":"2022-06-15T12:51:46","date_gmt":"2022-06-15T19:51:46","guid":{"rendered":"https:\/\/www.microbebio.com\/spanish-microbe-fertilizer\/?post_type=product&#038;p=14277"},"modified":"2025-07-29T13:49:10","modified_gmt":"2025-07-29T20:49:10","slug":"microbebionano-s9","status":"publish","type":"product","link":"https:\/\/www.microbebio.com\/spanish-microbe-fertilizer\/product\/microbebionano-s9\/","title":{"rendered":"MICROBEBIO\u00aeNano S9\u2122"},"content":{"rendered":"","protected":false},"excerpt":{"rendered":"<p data-start=\"70\" data-end=\"762\"><span style=\"color: #000000;\"><strong data-start=\"70\" data-end=\"94\">MICROBEBIO\u00ae Nano S9\u2122<\/strong> es un biopol\u00edmero a base de quitosano que act\u00faa como portador de nanopart\u00edculas de nano-s\u00edlice encapsuladas en amino\u00e1cidos y suspendidas en agua. MICROBEBIO\u00ae Nano S9\u2122 est\u00e1 compuesto por part\u00edculas menores a 100 nan\u00f3metros. La absorci\u00f3n r\u00e1pida de s\u00edlice es esencial cuando se presentan altas temperaturas y baja humedad. Utilizando nanotecnolog\u00eda en una f\u00f3rmula concentrada y patentada, se crean plantas m\u00e1s potentes, m\u00e1s robustas y saludables, adem\u00e1s de ser un producto rentable y f\u00e1cil de usar. Los productos contienen nanopart\u00edculas ricas en nutrientes que penetran con gran eficiencia las paredes celulares, resultando en cultivos m\u00e1s saludables con menos insumos.<\/span><\/p>\n<p data-start=\"764\" data-end=\"908\"><span style=\"color: #000000;\"><strong>MICROBEBIO\u00ae Nano S9\u2122<\/strong> consiste en nanopart\u00edculas y mol\u00e9culas fertilizantes envueltas en la nanotecnolog\u00eda Microbebio, aplicables de forma foliar.<\/span><\/p>\n<ul data-start=\"910\" data-end=\"1070\">\n<li data-start=\"910\" data-end=\"965\">\n<p data-start=\"912\" data-end=\"965\"><span style=\"color: #000000;\">Se logra la entrada directa al metabolismo celular.<\/span><\/p>\n<\/li>\n<li data-start=\"966\" data-end=\"1019\">\n<p data-start=\"968\" data-end=\"1019\"><span style=\"color: #000000;\">La absorci\u00f3n es m\u00e1s r\u00e1pida, efectiva y eficiente.<\/span><\/p>\n<\/li>\n<li data-start=\"1020\" data-end=\"1070\">\n<p data-start=\"1022\" data-end=\"1070\"><span style=\"color: #000000;\">\u00c1rea superficial con el m\u00e1ximo contacto posible.<\/span><\/p>\n<\/li>\n<\/ul>\n<p data-start=\"1072\" data-end=\"1396\"><span style=\"color: #000000;\">La nanopart\u00edcula migra hacia el mes\u00f3filo de la hoja y luego entra en la vasculatura de la planta, es decir, sus venas. Puede viajar por todo el tallo hasta las ra\u00edces o las hojas. Se corrige inmediatamente cualquier deficiencia de nutrientes, facilitando su absorci\u00f3n y suministrando energ\u00eda y nutrici\u00f3n a la c\u00e9lula vegetal.<\/span><\/p>\n<p data-start=\"1398\" data-end=\"1620\"><span style=\"color: #000000;\"><strong>MICROBEBIO\u00ae Nano S9\u2122<\/strong> proporciona a las plantas componentes bio-disponibles de s\u00edlice que las hacen m\u00e1s resistentes al estr\u00e9s bi\u00f3tico y abi\u00f3tico, ayudan a soportar la sequ\u00eda y mejoran su resistencia a plagas y enfermedades.<\/span><\/p>\n<p data-start=\"1622\" data-end=\"2011\"><span style=\"color: #000000;\">Adem\u00e1s de reducir el estr\u00e9s por salinidad, sequ\u00eda, metales pesados y otros tipos de estr\u00e9s abi\u00f3tico, MICROBEBIO\u00ae Nano S9\u2122 tambi\u00e9n es beneficioso para mitigar los efectos adversos de diversos factores de estr\u00e9s abi\u00f3tico. Proveniente de fuentes biog\u00e9nicas, MICROBEBIO\u00ae Nano S9\u2122 tambi\u00e9n disuade a los herb\u00edvoros. Asimismo, ayuda a las plantas a resistir presiones externas y aumenta su vigor.<\/span><\/p>\n<p data-start=\"2013\" data-end=\"2340\"><span style=\"color: #000000;\">Adem\u00e1s de promover el crecimiento y el rendimiento, el silicio en los cultivos apoya el desarrollo adecuado y previene el acame (ca\u00edda o doblado de las plantas). Tambi\u00e9n reduce estr\u00e9s abi\u00f3tico como temperaturas extremas, salinidad, toxicidad por metales pesados y aluminio, y proporciona resistencia a enfermedades bacterianas.<\/span><\/p>\n<p data-start=\"2342\" data-end=\"2844\"><span style=\"color: #000000;\">La resistencia de las plantas a enfermedades como o\u00eddio (mildiu polvoriento), septoria, mancha ocular y plagas insectiles se incrementa con la presencia de silicio. El riego deficitario aumenta la producci\u00f3n de biomasa mediante el silicio. Las plantas expuestas a sequ\u00eda tratadas con silicio mantienen un mayor contenido relativo de agua y una mejor conductividad estom\u00e1tica. El silicio ayuda a que las hojas crezcan m\u00e1s grandes y gruesas, reteniendo m\u00e1s agua y reduciendo la p\u00e9rdida por transpiraci\u00f3n.<\/span><\/p>\n","protected":false},"featured_media":14275,"template":"","meta":{"ngg_post_thumbnail":0},"product_brand":[],"product_cat":[291,21],"product_tag":[],"class_list":{"0":"post-14277","1":"product","2":"type-product","3":"status-publish","4":"has-post-thumbnail","6":"product_cat-energy-series","7":"product_cat-products","9":"first","10":"instock","11":"shipping-taxable","12":"product-type-simple"},"yoast_head":"<!-- This site is optimized with the Yoast SEO plugin v27.4 - https:\/\/yoast.com\/product\/yoast-seo-wordpress\/ -->\n<title>MICROBEBIO\u00aeNano S9\u2122 - Microbial fertilizer Organic Fertilizer USA<\/title>\n<meta name=\"robots\" content=\"index, follow, max-snippet:-1, max-image-preview:large, max-video-preview:-1\" \/>\n<link rel=\"canonical\" href=\"https:\/\/www.microbebio.com\/spanish-microbe-fertilizer\/product\/microbebionano-s9\/\" \/>\n<meta property=\"og:locale\" content=\"en_US\" \/>\n<meta property=\"og:type\" content=\"article\" \/>\n<meta property=\"og:title\" content=\"MICROBEBIO\u00aeNano S9\u2122 - Microbial fertilizer Organic Fertilizer USA\" \/>\n<meta property=\"og:description\" content=\"MICROBEBIO\u00ae Nano S9\u2122 es un biopol\u00edmero a base de quitosano que act\u00faa como portador de nanopart\u00edculas de nano-s\u00edlice encapsuladas en amino\u00e1cidos y suspendidas en agua. MICROBEBIO\u00ae Nano S9\u2122 est\u00e1 compuesto por part\u00edculas menores a 100 nan\u00f3metros. La absorci\u00f3n r\u00e1pida de s\u00edlice es esencial cuando se presentan altas temperaturas y baja humedad. Utilizando nanotecnolog\u00eda en una f\u00f3rmula concentrada y patentada, se crean plantas m\u00e1s potentes, m\u00e1s robustas y saludables, adem\u00e1s de ser un producto rentable y f\u00e1cil de usar. Los productos contienen nanopart\u00edculas ricas en nutrientes que penetran con gran eficiencia las paredes celulares, resultando en cultivos m\u00e1s saludables con menos insumos. MICROBEBIO\u00ae Nano S9\u2122 consiste en nanopart\u00edculas y mol\u00e9culas fertilizantes envueltas en la nanotecnolog\u00eda Microbebio, aplicables de forma foliar.     Se logra la entrada directa al metabolismo celular.    La absorci\u00f3n es m\u00e1s r\u00e1pida, efectiva y eficiente.    \u00c1rea superficial con el m\u00e1ximo contacto posible.   La nanopart\u00edcula migra hacia el mes\u00f3filo de la hoja y luego entra en la vasculatura de la planta, es decir, sus venas. Puede viajar por todo el tallo hasta las ra\u00edces o las hojas. Se corrige inmediatamente cualquier deficiencia de nutrientes, facilitando su absorci\u00f3n y suministrando energ\u00eda y nutrici\u00f3n a la c\u00e9lula vegetal. MICROBEBIO\u00ae Nano S9\u2122 proporciona a las plantas componentes bio-disponibles de s\u00edlice que las hacen m\u00e1s resistentes al estr\u00e9s bi\u00f3tico y abi\u00f3tico, ayudan a soportar la sequ\u00eda y mejoran su resistencia a plagas y enfermedades. Adem\u00e1s de reducir el estr\u00e9s por salinidad, sequ\u00eda, metales pesados y otros tipos de estr\u00e9s abi\u00f3tico, MICROBEBIO\u00ae Nano S9\u2122 tambi\u00e9n es beneficioso para mitigar los efectos adversos de diversos factores de estr\u00e9s abi\u00f3tico. Proveniente de fuentes biog\u00e9nicas, MICROBEBIO\u00ae Nano S9\u2122 tambi\u00e9n disuade a los herb\u00edvoros. Asimismo, ayuda a las plantas a resistir presiones externas y aumenta su vigor. Adem\u00e1s de promover el crecimiento y el rendimiento, el silicio en los cultivos apoya el desarrollo adecuado y previene el acame (ca\u00edda o doblado de las plantas). Tambi\u00e9n reduce estr\u00e9s abi\u00f3tico como temperaturas extremas, salinidad, toxicidad por metales pesados y aluminio, y proporciona resistencia a enfermedades bacterianas. La resistencia de las plantas a enfermedades como o\u00eddio (mildiu polvoriento), septoria, mancha ocular y plagas insectiles se incrementa con la presencia de silicio. El riego deficitario aumenta la producci\u00f3n de biomasa mediante el silicio. Las plantas expuestas a sequ\u00eda tratadas con silicio mantienen un mayor contenido relativo de agua y una mejor conductividad estom\u00e1tica. El silicio ayuda a que las hojas crezcan m\u00e1s grandes y gruesas, reteniendo m\u00e1s agua y reduciendo la p\u00e9rdida por transpiraci\u00f3n.\" \/>\n<meta property=\"og:url\" content=\"https:\/\/www.microbebio.com\/spanish-microbe-fertilizer\/product\/microbebionano-s9\/\" \/>\n<meta property=\"og:site_name\" content=\"Microbial fertilizer Organic Fertilizer USA\" \/>\n<meta property=\"article:modified_time\" content=\"2025-07-29T20:49:10+00:00\" \/>\n<meta property=\"og:image\" content=\"https:\/\/www.microbebio.com\/spanish-microbe-fertilizer\/wp-content\/uploads\/2022\/06\/Microbebio-Nano-S9-768x1024.png\" \/>\n\t<meta property=\"og:image:width\" content=\"768\" \/>\n\t<meta property=\"og:image:height\" content=\"1024\" \/>\n\t<meta property=\"og:image:type\" content=\"image\/png\" \/>\n<meta name=\"twitter:card\" content=\"summary_large_image\" \/>\n<meta name=\"twitter:label1\" content=\"Est. reading time\" \/>\n\t<meta name=\"twitter:data1\" content=\"1 minute\" \/>\n<script type=\"application\/ld+json\" class=\"yoast-schema-graph\">{\"@context\":\"https:\\\/\\\/schema.org\",\"@graph\":[{\"@type\":\"WebPage\",\"@id\":\"https:\\\/\\\/www.microbebio.com\\\/spanish-microbe-fertilizer\\\/product\\\/microbebionano-s9\\\/\",\"url\":\"https:\\\/\\\/www.microbebio.com\\\/spanish-microbe-fertilizer\\\/product\\\/microbebionano-s9\\\/\",\"name\":\"MICROBEBIO\u00aeNano S9\u2122 - Microbial fertilizer Organic Fertilizer USA\",\"isPartOf\":{\"@id\":\"https:\\\/\\\/www.microbebio.com\\\/spanish-microbe-fertilizer\\\/#website\"},\"primaryImageOfPage\":{\"@id\":\"https:\\\/\\\/www.microbebio.com\\\/spanish-microbe-fertilizer\\\/product\\\/microbebionano-s9\\\/#primaryimage\"},\"image\":{\"@id\":\"https:\\\/\\\/www.microbebio.com\\\/spanish-microbe-fertilizer\\\/product\\\/microbebionano-s9\\\/#primaryimage\"},\"thumbnailUrl\":\"https:\\\/\\\/www.microbebio.com\\\/spanish-microbe-fertilizer\\\/wp-content\\\/uploads\\\/2022\\\/06\\\/Microbebio-Nano-S9.png\",\"datePublished\":\"2022-06-15T19:51:46+00:00\",\"dateModified\":\"2025-07-29T20:49:10+00:00\",\"breadcrumb\":{\"@id\":\"https:\\\/\\\/www.microbebio.com\\\/spanish-microbe-fertilizer\\\/product\\\/microbebionano-s9\\\/#breadcrumb\"},\"inLanguage\":\"en-US\",\"potentialAction\":[{\"@type\":\"ReadAction\",\"target\":[\"https:\\\/\\\/www.microbebio.com\\\/spanish-microbe-fertilizer\\\/product\\\/microbebionano-s9\\\/\"]}]},{\"@type\":\"ImageObject\",\"inLanguage\":\"en-US\",\"@id\":\"https:\\\/\\\/www.microbebio.com\\\/spanish-microbe-fertilizer\\\/product\\\/microbebionano-s9\\\/#primaryimage\",\"url\":\"https:\\\/\\\/www.microbebio.com\\\/spanish-microbe-fertilizer\\\/wp-content\\\/uploads\\\/2022\\\/06\\\/Microbebio-Nano-S9.png\",\"contentUrl\":\"https:\\\/\\\/www.microbebio.com\\\/spanish-microbe-fertilizer\\\/wp-content\\\/uploads\\\/2022\\\/06\\\/Microbebio-Nano-S9.png\",\"width\":1932,\"height\":2576},{\"@type\":\"BreadcrumbList\",\"@id\":\"https:\\\/\\\/www.microbebio.com\\\/spanish-microbe-fertilizer\\\/product\\\/microbebionano-s9\\\/#breadcrumb\",\"itemListElement\":[{\"@type\":\"ListItem\",\"position\":1,\"name\":\"Home\",\"item\":\"https:\\\/\\\/www.microbebio.com\\\/spanish-microbe-fertilizer\\\/\"},{\"@type\":\"ListItem\",\"position\":2,\"name\":\"Shop\",\"item\":\"https:\\\/\\\/www.microbebio.com\\\/spanish-microbe-fertilizer\\\/shop\\\/\"},{\"@type\":\"ListItem\",\"position\":3,\"name\":\"MICROBEBIO\u00aeNano S9\u2122\"}]},{\"@type\":\"WebSite\",\"@id\":\"https:\\\/\\\/www.microbebio.com\\\/spanish-microbe-fertilizer\\\/#website\",\"url\":\"https:\\\/\\\/www.microbebio.com\\\/spanish-microbe-fertilizer\\\/\",\"name\":\"Microbial fertilizer Organic Fertilizer USA\",\"description\":\"Microbes Fertilizer Nature Phenomenon\",\"potentialAction\":[{\"@type\":\"SearchAction\",\"target\":{\"@type\":\"EntryPoint\",\"urlTemplate\":\"https:\\\/\\\/www.microbebio.com\\\/spanish-microbe-fertilizer\\\/?s={search_term_string}\"},\"query-input\":{\"@type\":\"PropertyValueSpecification\",\"valueRequired\":true,\"valueName\":\"search_term_string\"}}],\"inLanguage\":\"en-US\"}]}<\/script>\n<!-- \/ Yoast SEO plugin. -->","yoast_head_json":{"title":"MICROBEBIO\u00aeNano S9\u2122 - Microbial fertilizer Organic Fertilizer USA","robots":{"index":"index","follow":"follow","max-snippet":"max-snippet:-1","max-image-preview":"max-image-preview:large","max-video-preview":"max-video-preview:-1"},"canonical":"https:\/\/www.microbebio.com\/spanish-microbe-fertilizer\/product\/microbebionano-s9\/","og_locale":"en_US","og_type":"article","og_title":"MICROBEBIO\u00aeNano S9\u2122 - Microbial fertilizer Organic Fertilizer USA","og_description":"MICROBEBIO\u00ae Nano S9\u2122 es un biopol\u00edmero a base de quitosano que act\u00faa como portador de nanopart\u00edculas de nano-s\u00edlice encapsuladas en amino\u00e1cidos y suspendidas en agua. MICROBEBIO\u00ae Nano S9\u2122 est\u00e1 compuesto por part\u00edculas menores a 100 nan\u00f3metros. La absorci\u00f3n r\u00e1pida de s\u00edlice es esencial cuando se presentan altas temperaturas y baja humedad. Utilizando nanotecnolog\u00eda en una f\u00f3rmula concentrada y patentada, se crean plantas m\u00e1s potentes, m\u00e1s robustas y saludables, adem\u00e1s de ser un producto rentable y f\u00e1cil de usar. Los productos contienen nanopart\u00edculas ricas en nutrientes que penetran con gran eficiencia las paredes celulares, resultando en cultivos m\u00e1s saludables con menos insumos. MICROBEBIO\u00ae Nano S9\u2122 consiste en nanopart\u00edculas y mol\u00e9culas fertilizantes envueltas en la nanotecnolog\u00eda Microbebio, aplicables de forma foliar.     Se logra la entrada directa al metabolismo celular.    La absorci\u00f3n es m\u00e1s r\u00e1pida, efectiva y eficiente.    \u00c1rea superficial con el m\u00e1ximo contacto posible.   La nanopart\u00edcula migra hacia el mes\u00f3filo de la hoja y luego entra en la vasculatura de la planta, es decir, sus venas. Puede viajar por todo el tallo hasta las ra\u00edces o las hojas. Se corrige inmediatamente cualquier deficiencia de nutrientes, facilitando su absorci\u00f3n y suministrando energ\u00eda y nutrici\u00f3n a la c\u00e9lula vegetal. MICROBEBIO\u00ae Nano S9\u2122 proporciona a las plantas componentes bio-disponibles de s\u00edlice que las hacen m\u00e1s resistentes al estr\u00e9s bi\u00f3tico y abi\u00f3tico, ayudan a soportar la sequ\u00eda y mejoran su resistencia a plagas y enfermedades. Adem\u00e1s de reducir el estr\u00e9s por salinidad, sequ\u00eda, metales pesados y otros tipos de estr\u00e9s abi\u00f3tico, MICROBEBIO\u00ae Nano S9\u2122 tambi\u00e9n es beneficioso para mitigar los efectos adversos de diversos factores de estr\u00e9s abi\u00f3tico. Proveniente de fuentes biog\u00e9nicas, MICROBEBIO\u00ae Nano S9\u2122 tambi\u00e9n disuade a los herb\u00edvoros. Asimismo, ayuda a las plantas a resistir presiones externas y aumenta su vigor. Adem\u00e1s de promover el crecimiento y el rendimiento, el silicio en los cultivos apoya el desarrollo adecuado y previene el acame (ca\u00edda o doblado de las plantas). Tambi\u00e9n reduce estr\u00e9s abi\u00f3tico como temperaturas extremas, salinidad, toxicidad por metales pesados y aluminio, y proporciona resistencia a enfermedades bacterianas. La resistencia de las plantas a enfermedades como o\u00eddio (mildiu polvoriento), septoria, mancha ocular y plagas insectiles se incrementa con la presencia de silicio. El riego deficitario aumenta la producci\u00f3n de biomasa mediante el silicio. Las plantas expuestas a sequ\u00eda tratadas con silicio mantienen un mayor contenido relativo de agua y una mejor conductividad estom\u00e1tica. El silicio ayuda a que las hojas crezcan m\u00e1s grandes y gruesas, reteniendo m\u00e1s agua y reduciendo la p\u00e9rdida por transpiraci\u00f3n.","og_url":"https:\/\/www.microbebio.com\/spanish-microbe-fertilizer\/product\/microbebionano-s9\/","og_site_name":"Microbial fertilizer Organic Fertilizer USA","article_modified_time":"2025-07-29T20:49:10+00:00","og_image":[{"width":768,"height":1024,"url":"https:\/\/www.microbebio.com\/spanish-microbe-fertilizer\/wp-content\/uploads\/2022\/06\/Microbebio-Nano-S9-768x1024.png","type":"image\/png"}],"twitter_card":"summary_large_image","twitter_misc":{"Est. reading time":"1 minute"},"schema":{"@context":"https:\/\/schema.org","@graph":[{"@type":"WebPage","@id":"https:\/\/www.microbebio.com\/spanish-microbe-fertilizer\/product\/microbebionano-s9\/","url":"https:\/\/www.microbebio.com\/spanish-microbe-fertilizer\/product\/microbebionano-s9\/","name":"MICROBEBIO\u00aeNano S9\u2122 - Microbial fertilizer Organic Fertilizer USA","isPartOf":{"@id":"https:\/\/www.microbebio.com\/spanish-microbe-fertilizer\/#website"},"primaryImageOfPage":{"@id":"https:\/\/www.microbebio.com\/spanish-microbe-fertilizer\/product\/microbebionano-s9\/#primaryimage"},"image":{"@id":"https:\/\/www.microbebio.com\/spanish-microbe-fertilizer\/product\/microbebionano-s9\/#primaryimage"},"thumbnailUrl":"https:\/\/www.microbebio.com\/spanish-microbe-fertilizer\/wp-content\/uploads\/2022\/06\/Microbebio-Nano-S9.png","datePublished":"2022-06-15T19:51:46+00:00","dateModified":"2025-07-29T20:49:10+00:00","breadcrumb":{"@id":"https:\/\/www.microbebio.com\/spanish-microbe-fertilizer\/product\/microbebionano-s9\/#breadcrumb"},"inLanguage":"en-US","potentialAction":[{"@type":"ReadAction","target":["https:\/\/www.microbebio.com\/spanish-microbe-fertilizer\/product\/microbebionano-s9\/"]}]},{"@type":"ImageObject","inLanguage":"en-US","@id":"https:\/\/www.microbebio.com\/spanish-microbe-fertilizer\/product\/microbebionano-s9\/#primaryimage","url":"https:\/\/www.microbebio.com\/spanish-microbe-fertilizer\/wp-content\/uploads\/2022\/06\/Microbebio-Nano-S9.png","contentUrl":"https:\/\/www.microbebio.com\/spanish-microbe-fertilizer\/wp-content\/uploads\/2022\/06\/Microbebio-Nano-S9.png","width":1932,"height":2576},{"@type":"BreadcrumbList","@id":"https:\/\/www.microbebio.com\/spanish-microbe-fertilizer\/product\/microbebionano-s9\/#breadcrumb","itemListElement":[{"@type":"ListItem","position":1,"name":"Home","item":"https:\/\/www.microbebio.com\/spanish-microbe-fertilizer\/"},{"@type":"ListItem","position":2,"name":"Shop","item":"https:\/\/www.microbebio.com\/spanish-microbe-fertilizer\/shop\/"},{"@type":"ListItem","position":3,"name":"MICROBEBIO\u00aeNano S9\u2122"}]},{"@type":"WebSite","@id":"https:\/\/www.microbebio.com\/spanish-microbe-fertilizer\/#website","url":"https:\/\/www.microbebio.com\/spanish-microbe-fertilizer\/","name":"Microbial fertilizer Organic Fertilizer USA","description":"Microbes Fertilizer Nature Phenomenon","potentialAction":[{"@type":"SearchAction","target":{"@type":"EntryPoint","urlTemplate":"https:\/\/www.microbebio.com\/spanish-microbe-fertilizer\/?s={search_term_string}"},"query-input":{"@type":"PropertyValueSpecification","valueRequired":true,"valueName":"search_term_string"}}],"inLanguage":"en-US"}]}},"_links":{"self":[{"href":"https:\/\/www.microbebio.com\/spanish-microbe-fertilizer\/wp-json\/wp\/v2\/product\/14277","targetHints":{"allow":["GET"]}}],"collection":[{"href":"https:\/\/www.microbebio.com\/spanish-microbe-fertilizer\/wp-json\/wp\/v2\/product"}],"about":[{"href":"https:\/\/www.microbebio.com\/spanish-microbe-fertilizer\/wp-json\/wp\/v2\/types\/product"}],"wp:featuredmedia":[{"embeddable":true,"href":"https:\/\/www.microbebio.com\/spanish-microbe-fertilizer\/wp-json\/wp\/v2\/media\/14275"}],"wp:attachment":[{"href":"https:\/\/www.microbebio.com\/spanish-microbe-fertilizer\/wp-json\/wp\/v2\/media?parent=14277"}],"wp:term":[{"taxonomy":"product_brand","embeddable":true,"href":"https:\/\/www.microbebio.com\/spanish-microbe-fertilizer\/wp-json\/wp\/v2\/product_brand?post=14277"},{"taxonomy":"product_cat","embeddable":true,"href":"https:\/\/www.microbebio.com\/spanish-microbe-fertilizer\/wp-json\/wp\/v2\/product_cat?post=14277"},{"taxonomy":"product_tag","embeddable":true,"href":"https:\/\/www.microbebio.com\/spanish-microbe-fertilizer\/wp-json\/wp\/v2\/product_tag?post=14277"}],"curies":[{"name":"wp","href":"https:\/\/api.w.org\/{rel}","templated":true}]}}