{"id":15143,"date":"2023-02-09T15:01:08","date_gmt":"2023-02-09T22:01:08","guid":{"rendered":"https:\/\/www.microbebio.com\/spanish-microbe-fertilizer\/?post_type=product&#038;p=15143"},"modified":"2025-07-29T15:05:48","modified_gmt":"2025-07-29T22:05:48","slug":"microbebio-phenom-or-3-0","status":"publish","type":"product","link":"https:\/\/www.microbebio.com\/spanish-microbe-fertilizer\/product\/microbebio-phenom-or-3-0\/","title":{"rendered":"MICROBEBIO\u00ae Phenom OR 3.0\u2122"},"content":{"rendered":"","protected":false},"excerpt":{"rendered":"<p data-start=\"0\" data-end=\"76\"><span style=\"color: #000000;\"><strong data-start=\"0\" data-end=\"76\">(Biorremediaci\u00f3n de Lodos Pesados, Ceras, Productos Qu\u00edmicos y Residuos)<\/strong><\/span><\/p>\n<p data-start=\"78\" data-end=\"845\"><span style=\"color: #000000;\"><strong data-start=\"78\" data-end=\"106\">Microbebio Phenom OR 3.0<\/strong> es una forma innovadora de abordar una amplia gama de problemas ambientales, incluida la limpieza de derrames de petr\u00f3leo y otros materiales peligrosos. Funciona aprovechando el poder natural de las bacterias para descomponer contaminantes org\u00e1nicos como grasas, aceites, ceras y otros compuestos hidrocarburados que se acumulan en el suelo o en cuerpos de agua. Su f\u00f3rmula de alta concentraci\u00f3n contiene una combinaci\u00f3n poderosa de bacterias aerobias, facultativas y anaerobias, junto con enzimas para un rendimiento m\u00e1ximo en biorremediaci\u00f3n. No solo act\u00faa de manera efectiva para acelerar el proceso de biorremediaci\u00f3n, sino que tambi\u00e9n ayuda a reducir el consumo de energ\u00eda al eliminar la necesidad de m\u00e9todos de eliminaci\u00f3n mec\u00e1nica.<\/span><\/p>\n<p data-start=\"847\" data-end=\"1742\" data-is-last-node=\"\" data-is-only-node=\"\"><span style=\"color: #000000;\"><strong data-start=\"847\" data-end=\"875\">Microbebio Phenom OR 3.0<\/strong> es un producto revolucionario de biorremediaci\u00f3n que se puede utilizar para limpiar sitios contaminados con una eficiencia superior y a costos m\u00e1s bajos. Su mezcla \u00fanica de microbios y enzimas trabaja en conjunto para descomponer contaminantes t\u00f3xicos, haciendo que sean menos da\u00f1inos o incluso inofensivos en algunos casos. La actividad microbiana tambi\u00e9n contribuye a mejorar la estructura y fertilidad del suelo, lo que lleva a un mejor manejo ambiental general. Con <strong data-start=\"1346\" data-end=\"1374\">Microbebio Phenom OR 3.0<\/strong>, las empresas pueden tratar sitios contaminados de manera segura y rentable, sin causar m\u00e1s da\u00f1o a los alrededores o a las comunidades cercanas. Esto lo convierte en una soluci\u00f3n ideal tanto para empresas comerciales como para agencias gubernamentales que buscan formas ecol\u00f3gicas de abordar sitios de residuos peligrosos y otras \u00e1reas afectadas por la contaminaci\u00f3n.<\/span><\/p>\n","protected":false},"featured_media":15137,"template":"","meta":{"ngg_post_thumbnail":0},"product_brand":[],"product_cat":[354],"product_tag":[],"class_list":{"0":"post-15143","1":"product","2":"type-product","3":"status-publish","4":"has-post-thumbnail","6":"product_cat-oil-remidiation","8":"first","9":"instock","10":"shipping-taxable","11":"product-type-simple"},"yoast_head":"<!-- This site is optimized with the Yoast SEO plugin v27.4 - https:\/\/yoast.com\/product\/yoast-seo-wordpress\/ -->\n<title>MICROBEBIO\u00ae Phenom OR 3.0\u2122 - Microbial fertilizer Organic Fertilizer USA<\/title>\n<meta name=\"robots\" content=\"index, follow, max-snippet:-1, max-image-preview:large, max-video-preview:-1\" \/>\n<link rel=\"canonical\" href=\"https:\/\/www.microbebio.com\/spanish-microbe-fertilizer\/product\/microbebio-phenom-or-3-0\/\" \/>\n<meta property=\"og:locale\" content=\"en_US\" \/>\n<meta property=\"og:type\" content=\"article\" \/>\n<meta property=\"og:title\" content=\"MICROBEBIO\u00ae Phenom OR 3.0\u2122 - Microbial fertilizer Organic Fertilizer USA\" \/>\n<meta property=\"og:description\" content=\"(Biorremediaci\u00f3n de Lodos Pesados, Ceras, Productos Qu\u00edmicos y Residuos) Microbebio Phenom OR 3.0 es una forma innovadora de abordar una amplia gama de problemas ambientales, incluida la limpieza de derrames de petr\u00f3leo y otros materiales peligrosos. Funciona aprovechando el poder natural de las bacterias para descomponer contaminantes org\u00e1nicos como grasas, aceites, ceras y otros compuestos hidrocarburados que se acumulan en el suelo o en cuerpos de agua. Su f\u00f3rmula de alta concentraci\u00f3n contiene una combinaci\u00f3n poderosa de bacterias aerobias, facultativas y anaerobias, junto con enzimas para un rendimiento m\u00e1ximo en biorremediaci\u00f3n. No solo act\u00faa de manera efectiva para acelerar el proceso de biorremediaci\u00f3n, sino que tambi\u00e9n ayuda a reducir el consumo de energ\u00eda al eliminar la necesidad de m\u00e9todos de eliminaci\u00f3n mec\u00e1nica. Microbebio Phenom OR 3.0 es un producto revolucionario de biorremediaci\u00f3n que se puede utilizar para limpiar sitios contaminados con una eficiencia superior y a costos m\u00e1s bajos. Su mezcla \u00fanica de microbios y enzimas trabaja en conjunto para descomponer contaminantes t\u00f3xicos, haciendo que sean menos da\u00f1inos o incluso inofensivos en algunos casos. La actividad microbiana tambi\u00e9n contribuye a mejorar la estructura y fertilidad del suelo, lo que lleva a un mejor manejo ambiental general. Con Microbebio Phenom OR 3.0, las empresas pueden tratar sitios contaminados de manera segura y rentable, sin causar m\u00e1s da\u00f1o a los alrededores o a las comunidades cercanas. Esto lo convierte en una soluci\u00f3n ideal tanto para empresas comerciales como para agencias gubernamentales que buscan formas ecol\u00f3gicas de abordar sitios de residuos peligrosos y otras \u00e1reas afectadas por la contaminaci\u00f3n.\" \/>\n<meta property=\"og:url\" content=\"https:\/\/www.microbebio.com\/spanish-microbe-fertilizer\/product\/microbebio-phenom-or-3-0\/\" \/>\n<meta property=\"og:site_name\" content=\"Microbial fertilizer Organic Fertilizer USA\" \/>\n<meta property=\"article:modified_time\" content=\"2025-07-29T22:05:48+00:00\" \/>\n<meta property=\"og:image\" content=\"https:\/\/www.microbebio.com\/spanish-microbe-fertilizer\/wp-content\/uploads\/2023\/02\/MICROBEBIO-PHENOM-1-3-Label-8.5x11-02-03-23-03.jpg\" \/>\n\t<meta property=\"og:image:width\" content=\"1276\" \/>\n\t<meta property=\"og:image:height\" content=\"1651\" \/>\n\t<meta property=\"og:image:type\" content=\"image\/jpeg\" \/>\n<meta name=\"twitter:card\" content=\"summary_large_image\" \/>\n<meta name=\"twitter:label1\" content=\"Est. reading time\" \/>\n\t<meta name=\"twitter:data1\" content=\"1 minute\" \/>\n<script type=\"application\/ld+json\" class=\"yoast-schema-graph\">{\"@context\":\"https:\\\/\\\/schema.org\",\"@graph\":[{\"@type\":\"WebPage\",\"@id\":\"https:\\\/\\\/www.microbebio.com\\\/spanish-microbe-fertilizer\\\/product\\\/microbebio-phenom-or-3-0\\\/\",\"url\":\"https:\\\/\\\/www.microbebio.com\\\/spanish-microbe-fertilizer\\\/product\\\/microbebio-phenom-or-3-0\\\/\",\"name\":\"MICROBEBIO\u00ae Phenom OR 3.0\u2122 - Microbial fertilizer Organic Fertilizer USA\",\"isPartOf\":{\"@id\":\"https:\\\/\\\/www.microbebio.com\\\/spanish-microbe-fertilizer\\\/#website\"},\"primaryImageOfPage\":{\"@id\":\"https:\\\/\\\/www.microbebio.com\\\/spanish-microbe-fertilizer\\\/product\\\/microbebio-phenom-or-3-0\\\/#primaryimage\"},\"image\":{\"@id\":\"https:\\\/\\\/www.microbebio.com\\\/spanish-microbe-fertilizer\\\/product\\\/microbebio-phenom-or-3-0\\\/#primaryimage\"},\"thumbnailUrl\":\"https:\\\/\\\/www.microbebio.com\\\/spanish-microbe-fertilizer\\\/wp-content\\\/uploads\\\/2023\\\/02\\\/MICROBEBIO-PHENOM-1-3-Label-8.5x11-02-03-23-03.jpg\",\"datePublished\":\"2023-02-09T22:01:08+00:00\",\"dateModified\":\"2025-07-29T22:05:48+00:00\",\"breadcrumb\":{\"@id\":\"https:\\\/\\\/www.microbebio.com\\\/spanish-microbe-fertilizer\\\/product\\\/microbebio-phenom-or-3-0\\\/#breadcrumb\"},\"inLanguage\":\"en-US\",\"potentialAction\":[{\"@type\":\"ReadAction\",\"target\":[\"https:\\\/\\\/www.microbebio.com\\\/spanish-microbe-fertilizer\\\/product\\\/microbebio-phenom-or-3-0\\\/\"]}]},{\"@type\":\"ImageObject\",\"inLanguage\":\"en-US\",\"@id\":\"https:\\\/\\\/www.microbebio.com\\\/spanish-microbe-fertilizer\\\/product\\\/microbebio-phenom-or-3-0\\\/#primaryimage\",\"url\":\"https:\\\/\\\/www.microbebio.com\\\/spanish-microbe-fertilizer\\\/wp-content\\\/uploads\\\/2023\\\/02\\\/MICROBEBIO-PHENOM-1-3-Label-8.5x11-02-03-23-03.jpg\",\"contentUrl\":\"https:\\\/\\\/www.microbebio.com\\\/spanish-microbe-fertilizer\\\/wp-content\\\/uploads\\\/2023\\\/02\\\/MICROBEBIO-PHENOM-1-3-Label-8.5x11-02-03-23-03.jpg\",\"width\":1276,\"height\":1651,\"caption\":\"MICROBEBIO PHENOM OR 3.0\"},{\"@type\":\"BreadcrumbList\",\"@id\":\"https:\\\/\\\/www.microbebio.com\\\/spanish-microbe-fertilizer\\\/product\\\/microbebio-phenom-or-3-0\\\/#breadcrumb\",\"itemListElement\":[{\"@type\":\"ListItem\",\"position\":1,\"name\":\"Home\",\"item\":\"https:\\\/\\\/www.microbebio.com\\\/spanish-microbe-fertilizer\\\/\"},{\"@type\":\"ListItem\",\"position\":2,\"name\":\"Shop\",\"item\":\"https:\\\/\\\/www.microbebio.com\\\/spanish-microbe-fertilizer\\\/shop\\\/\"},{\"@type\":\"ListItem\",\"position\":3,\"name\":\"MICROBEBIO\u00ae Phenom OR 3.0\u2122\"}]},{\"@type\":\"WebSite\",\"@id\":\"https:\\\/\\\/www.microbebio.com\\\/spanish-microbe-fertilizer\\\/#website\",\"url\":\"https:\\\/\\\/www.microbebio.com\\\/spanish-microbe-fertilizer\\\/\",\"name\":\"Microbial fertilizer Organic Fertilizer USA\",\"description\":\"Microbes Fertilizer Nature Phenomenon\",\"potentialAction\":[{\"@type\":\"SearchAction\",\"target\":{\"@type\":\"EntryPoint\",\"urlTemplate\":\"https:\\\/\\\/www.microbebio.com\\\/spanish-microbe-fertilizer\\\/?s={search_term_string}\"},\"query-input\":{\"@type\":\"PropertyValueSpecification\",\"valueRequired\":true,\"valueName\":\"search_term_string\"}}],\"inLanguage\":\"en-US\"}]}<\/script>\n<!-- \/ Yoast SEO plugin. -->","yoast_head_json":{"title":"MICROBEBIO\u00ae Phenom OR 3.0\u2122 - Microbial fertilizer Organic Fertilizer USA","robots":{"index":"index","follow":"follow","max-snippet":"max-snippet:-1","max-image-preview":"max-image-preview:large","max-video-preview":"max-video-preview:-1"},"canonical":"https:\/\/www.microbebio.com\/spanish-microbe-fertilizer\/product\/microbebio-phenom-or-3-0\/","og_locale":"en_US","og_type":"article","og_title":"MICROBEBIO\u00ae Phenom OR 3.0\u2122 - Microbial fertilizer Organic Fertilizer USA","og_description":"(Biorremediaci\u00f3n de Lodos Pesados, Ceras, Productos Qu\u00edmicos y Residuos) Microbebio Phenom OR 3.0 es una forma innovadora de abordar una amplia gama de problemas ambientales, incluida la limpieza de derrames de petr\u00f3leo y otros materiales peligrosos. Funciona aprovechando el poder natural de las bacterias para descomponer contaminantes org\u00e1nicos como grasas, aceites, ceras y otros compuestos hidrocarburados que se acumulan en el suelo o en cuerpos de agua. Su f\u00f3rmula de alta concentraci\u00f3n contiene una combinaci\u00f3n poderosa de bacterias aerobias, facultativas y anaerobias, junto con enzimas para un rendimiento m\u00e1ximo en biorremediaci\u00f3n. No solo act\u00faa de manera efectiva para acelerar el proceso de biorremediaci\u00f3n, sino que tambi\u00e9n ayuda a reducir el consumo de energ\u00eda al eliminar la necesidad de m\u00e9todos de eliminaci\u00f3n mec\u00e1nica. Microbebio Phenom OR 3.0 es un producto revolucionario de biorremediaci\u00f3n que se puede utilizar para limpiar sitios contaminados con una eficiencia superior y a costos m\u00e1s bajos. Su mezcla \u00fanica de microbios y enzimas trabaja en conjunto para descomponer contaminantes t\u00f3xicos, haciendo que sean menos da\u00f1inos o incluso inofensivos en algunos casos. La actividad microbiana tambi\u00e9n contribuye a mejorar la estructura y fertilidad del suelo, lo que lleva a un mejor manejo ambiental general. Con Microbebio Phenom OR 3.0, las empresas pueden tratar sitios contaminados de manera segura y rentable, sin causar m\u00e1s da\u00f1o a los alrededores o a las comunidades cercanas. Esto lo convierte en una soluci\u00f3n ideal tanto para empresas comerciales como para agencias gubernamentales que buscan formas ecol\u00f3gicas de abordar sitios de residuos peligrosos y otras \u00e1reas afectadas por la contaminaci\u00f3n.","og_url":"https:\/\/www.microbebio.com\/spanish-microbe-fertilizer\/product\/microbebio-phenom-or-3-0\/","og_site_name":"Microbial fertilizer Organic Fertilizer USA","article_modified_time":"2025-07-29T22:05:48+00:00","og_image":[{"width":1276,"height":1651,"url":"https:\/\/www.microbebio.com\/spanish-microbe-fertilizer\/wp-content\/uploads\/2023\/02\/MICROBEBIO-PHENOM-1-3-Label-8.5x11-02-03-23-03.jpg","type":"image\/jpeg"}],"twitter_card":"summary_large_image","twitter_misc":{"Est. reading time":"1 minute"},"schema":{"@context":"https:\/\/schema.org","@graph":[{"@type":"WebPage","@id":"https:\/\/www.microbebio.com\/spanish-microbe-fertilizer\/product\/microbebio-phenom-or-3-0\/","url":"https:\/\/www.microbebio.com\/spanish-microbe-fertilizer\/product\/microbebio-phenom-or-3-0\/","name":"MICROBEBIO\u00ae Phenom OR 3.0\u2122 - Microbial fertilizer Organic Fertilizer USA","isPartOf":{"@id":"https:\/\/www.microbebio.com\/spanish-microbe-fertilizer\/#website"},"primaryImageOfPage":{"@id":"https:\/\/www.microbebio.com\/spanish-microbe-fertilizer\/product\/microbebio-phenom-or-3-0\/#primaryimage"},"image":{"@id":"https:\/\/www.microbebio.com\/spanish-microbe-fertilizer\/product\/microbebio-phenom-or-3-0\/#primaryimage"},"thumbnailUrl":"https:\/\/www.microbebio.com\/spanish-microbe-fertilizer\/wp-content\/uploads\/2023\/02\/MICROBEBIO-PHENOM-1-3-Label-8.5x11-02-03-23-03.jpg","datePublished":"2023-02-09T22:01:08+00:00","dateModified":"2025-07-29T22:05:48+00:00","breadcrumb":{"@id":"https:\/\/www.microbebio.com\/spanish-microbe-fertilizer\/product\/microbebio-phenom-or-3-0\/#breadcrumb"},"inLanguage":"en-US","potentialAction":[{"@type":"ReadAction","target":["https:\/\/www.microbebio.com\/spanish-microbe-fertilizer\/product\/microbebio-phenom-or-3-0\/"]}]},{"@type":"ImageObject","inLanguage":"en-US","@id":"https:\/\/www.microbebio.com\/spanish-microbe-fertilizer\/product\/microbebio-phenom-or-3-0\/#primaryimage","url":"https:\/\/www.microbebio.com\/spanish-microbe-fertilizer\/wp-content\/uploads\/2023\/02\/MICROBEBIO-PHENOM-1-3-Label-8.5x11-02-03-23-03.jpg","contentUrl":"https:\/\/www.microbebio.com\/spanish-microbe-fertilizer\/wp-content\/uploads\/2023\/02\/MICROBEBIO-PHENOM-1-3-Label-8.5x11-02-03-23-03.jpg","width":1276,"height":1651,"caption":"MICROBEBIO PHENOM OR 3.0"},{"@type":"BreadcrumbList","@id":"https:\/\/www.microbebio.com\/spanish-microbe-fertilizer\/product\/microbebio-phenom-or-3-0\/#breadcrumb","itemListElement":[{"@type":"ListItem","position":1,"name":"Home","item":"https:\/\/www.microbebio.com\/spanish-microbe-fertilizer\/"},{"@type":"ListItem","position":2,"name":"Shop","item":"https:\/\/www.microbebio.com\/spanish-microbe-fertilizer\/shop\/"},{"@type":"ListItem","position":3,"name":"MICROBEBIO\u00ae Phenom OR 3.0\u2122"}]},{"@type":"WebSite","@id":"https:\/\/www.microbebio.com\/spanish-microbe-fertilizer\/#website","url":"https:\/\/www.microbebio.com\/spanish-microbe-fertilizer\/","name":"Microbial fertilizer Organic Fertilizer USA","description":"Microbes Fertilizer Nature Phenomenon","potentialAction":[{"@type":"SearchAction","target":{"@type":"EntryPoint","urlTemplate":"https:\/\/www.microbebio.com\/spanish-microbe-fertilizer\/?s={search_term_string}"},"query-input":{"@type":"PropertyValueSpecification","valueRequired":true,"valueName":"search_term_string"}}],"inLanguage":"en-US"}]}},"_links":{"self":[{"href":"https:\/\/www.microbebio.com\/spanish-microbe-fertilizer\/wp-json\/wp\/v2\/product\/15143","targetHints":{"allow":["GET"]}}],"collection":[{"href":"https:\/\/www.microbebio.com\/spanish-microbe-fertilizer\/wp-json\/wp\/v2\/product"}],"about":[{"href":"https:\/\/www.microbebio.com\/spanish-microbe-fertilizer\/wp-json\/wp\/v2\/types\/product"}],"wp:featuredmedia":[{"embeddable":true,"href":"https:\/\/www.microbebio.com\/spanish-microbe-fertilizer\/wp-json\/wp\/v2\/media\/15137"}],"wp:attachment":[{"href":"https:\/\/www.microbebio.com\/spanish-microbe-fertilizer\/wp-json\/wp\/v2\/media?parent=15143"}],"wp:term":[{"taxonomy":"product_brand","embeddable":true,"href":"https:\/\/www.microbebio.com\/spanish-microbe-fertilizer\/wp-json\/wp\/v2\/product_brand?post=15143"},{"taxonomy":"product_cat","embeddable":true,"href":"https:\/\/www.microbebio.com\/spanish-microbe-fertilizer\/wp-json\/wp\/v2\/product_cat?post=15143"},{"taxonomy":"product_tag","embeddable":true,"href":"https:\/\/www.microbebio.com\/spanish-microbe-fertilizer\/wp-json\/wp\/v2\/product_tag?post=15143"}],"curies":[{"name":"wp","href":"https:\/\/api.w.org\/{rel}","templated":true}]}}